. Suppose -g - o*g - 3*r = -128, -g = r - 24. What is the greatest common divisor of 28 and g?
28
Suppose 0 = -59*h + 64*h + 4*u - 34934, h - 4*u = 6982. What is the greatest common factor of 28 and h?
14
Let q(i) = -5*i**2 - 149*i + 48. Let t be q(-28). What is the greatest common divisor of t and 2900?
100
Let a be (13 + 304/(-24))*(280 + 20). Let g = 101 + -26. Calculate the highest common divisor of g and a.
25
Let i(b) = -704*b - 640. Let u be i(-3). What is the greatest common factor of 138 and u?
46
Let z be 70/49 + 19408/56. What is the greatest common divisor of z and 252?
12
Let y be ((-39)/(1989/(-68)))/(4/78). Calculate the highest common divisor of y and 3406.
26
Suppose 2*b - 21*b + 45864 = 5*b. Calculate the highest common divisor of 588 and b.
147
Let z(d) = d**2 + 10*d + 8. Let k be z(-10). Let l = 137 - 192. Let u be (-2)/((l/140)/11). Calculate the highest common factor of k and u.
8
Suppose 0 = 40*s - 1084 - 1596. Calculate the greatest common factor of s and 10.
1
Let z(w) = 1172*w - 6753. Let s be z(6). Calculate the greatest common factor of 60 and s.
3
Let m(r) be the third derivative of 1/8*r**4 - 1/60*r**5 + 13*r**2 + 40/3*r**3 + 0 + 0*r. Let u be m(0). Calculate the highest common divisor of 10 and u.
10
Suppose 0 = -3*u - 3, 5*l - 4*u + 0*u - 94 = 0. Let s(d) = -40*d + 2204. Let r be s(55). Calculate the highest common divisor of r and l.
2
Let r(a) = 2 - a - a**2 - 3*a**3 + a**3 - a**2 + 93*a**3. Let x be r(1). Let g be 44/6*(-8)/((-48)/x). What is the highest common factor of 44 and g?
22
Let a(z) = -25*z + 5. Let y be a(-2). Let f be (-2)/(-8) + (-19)/190 + (-2417)/(-20). Calculate the greatest common factor of f and y.
11
Suppose t - 20 = 66. Let y be (258/(-2))/(199 + -202). Calculate the greatest common factor of y and t.
43
Suppose 5*j + 4*q = 66 + 829, -2*j - 5*q = -375. Suppose -85 = -5*r + j. Let i = 23330 - 23252. What is the highest common factor of i and r?
26
Suppose 2*g = -9*g + 2732 - 323. Calculate the highest common divisor of 584 and g.
73
Suppose 5*n - 3*n - 70 = 0. Let m be (16/10)/(5/25). Suppose -915 - 1325 = -m*v. What is the highest common factor of n and v?
35
Suppose -122*f = 301*f - 5922. What is the greatest common divisor of 609 and f?
7
Let a be (-8)/(18/33 + (-2121)/3828). What is the highest common factor of a and 272?
16
Let z be (-2 - 27/(-12)) + (-17052)/(-16). Suppose -12*f = -53*f + z. What is the greatest common divisor of 130 and f?
26
Suppose 12 = 3*z - 3. Let q(c) = -c**2 - 169*c - 6410. Let j be q(-109). Calculate the greatest common factor of z and j.
5
Let r be (-2301)/52*(-7 + -1) - -3. What is the greatest common divisor of 231 and r?
21
Suppose 262 - 10 = -14*a. Let q be 3*3/a + (-45)/(-6). What is the greatest common divisor of 112 and q?
7
Suppose -88*d + 95*d = 210. What is the greatest common factor of 219 and d?
3
Suppose 13*c + 45 + 33 = 0. Let i be ((-250)/c + 9)*(-18)/(-4). Let p(j) = j**2 - 2*j - 3. Let t be p(5). Calculate the greatest common divisor of t and i.
12
Let a be ((-8)/(-4))/8 + (-45)/(-12). Suppose 3 = a*s - 3*s. Suppose 0 = -7*x + s*x + 184. What is the highest common factor of x and 115?
23
Suppose -21*h + 79363 = 508. Suppose -45*d = -h - 5650. What is the highest common divisor of d and 11?
11
Suppose 13*z - 5*z = 1792. Let i = -129 + z. Calculate the greatest common factor of 76 and i.
19
Let d(i) = 10 - 19 - 7 - 6 + 7*i - 13. Let p be d(6). Suppose -21 = -v + 28. Calculate the highest common factor of v and p.
7
Suppose 3*l - 4*s - 248 = 0, -153*s + 150*s + 452 = 5*l. What is the highest common divisor of 136 and l?
8
Let p(q) = 6*q**2 + 33*q - 22. Let t be p(4). What is the greatest common factor of 2575 and t?
103
Suppose -2*o + b = 85 - 450, -2*o + 380 = -4*b. Suppose -182*q + 187*q = o. What is the greatest common divisor of q and 27?
9
Let a be 590*(-3 - 25/(-10)). Let m = a + 395. What is the highest common divisor of 20 and m?
20
Let g be (-42)/(-4)*30/9. Suppose -19845 = 1677271*l - 1677292*l. Calculate the highest common factor of g and l.
35
Let i(p) = -20*p + 12 - 16*p**2 + 2*p + 20 + 2*p**3 - p**3. Let t be i(17). What is the highest common factor of t and 165?
15
Let c be (28/((-3)/18*3))/(4/(-88)). Calculate the highest common divisor of 112 and c.
112
Let o be ((-6)/9)/1 + 34/6. Suppose 5*u + 8*f + 219 = 7*f, 4*f = o*u + 224. Let b = 72 + u. What is the highest common factor of 140 and b?
28
Suppose 3*o = 5*u - 308, -2*u + 4*o + 48 = -u. Let f = -45 + u. Suppose 56 = f*p - 15*p. What is the greatest common divisor of p and 14?
14
Suppose 3*f - 20*f + 4403 = 0. Let a = f - 224. Calculate the highest common factor of a and 35.
35
Let d be -4 - (2 + (-2 - -1 - 9)). Let l(b) = -b**3 + 3*b**2 - 1 + 4*b**3 + 6*b + b**3 - 5*b**3. Let w be l(d). What is the highest common divisor of 7 and w?
7
Suppose 0 = -27*x - 10*x + 22459. Let v = x - 233. Calculate the highest common divisor of v and 22.
22
Suppose -6*l = 33 + 21. Let f be -8 + 2 - l - (-2553)/(-1). Let c be ((-8)/(-16))/(f/1276 - -2). What is the greatest common factor of 29 and c?
29
Let o(b) = -2*b**2 + 37*b + 1770. Let c be o(0). What is the greatest common divisor of 6 and c?
6
Let g be ((-2)/(-6))/((-788)/(-494076)). Calculate the greatest common factor of g and 1804.
11
Let x(t) = 50*t**2 + 47*t - 47. Let l be x(1). Calculate the greatest common divisor of 1990 and l.
10
Let c(k) = -14*k - 192 + 6*k + 310. Let w be c(-19). Calculate the highest common divisor of w and 60.
30
Suppose 0 = 3*t - 2*t - 10. Let h(y) = -y**3 + 26*y**2 + 27*y + 20. Let b be h(27). Let l be (1*(-8)/20)/((-2)/b). What is the highest common factor of l and t?
2
Let n be 2 + 4 + 40/(14 - 9). What is the greatest common divisor of 56 and n?
14
Suppose -5*r + 441 = -4*g, 0 = 6*g - 5*g - 5*r + 129. Let o be (g/(-182))/((-2)/(-385)). What is the highest common factor of 44 and o?
22
Suppose -46*w + 1612 + 1032 - 252 = 0. What is the highest common factor of w and 1274?
26
Let j be (-4 + 15)*4074 + -14. Calculate the highest common factor of j and 40.
40
Let u = 2440 + -255. Calculate the greatest common divisor of 115 and u.
115
Suppose 388*g = 169*g - 165*g + 9984. Let q(r) = -r**3 - 4*r**2 + 6*r - 1. Let o be q(-6). Suppose -s - 9 = -o. What is the greatest common divisor of s and g?
26
Suppose 279 = 2*q + 5*a - 0*a, -2*a = -5*q + 741. Let v be (q/28)/(3/36). What is the highest common divisor of v and 126?
63
Let q = 11772 + -10183. What is the highest common divisor of q and 454?
227
Let h = -126 + 16. Let b be (h/(-330))/(1/(-396)*-2). Calculate the greatest common divisor of 176 and b.
22
Let s(u) = -13*u**3 + 12*u**3 - 1059*u**2 + 9*u + 84 + 1047*u**2. Let o be s(-14). Calculate the highest common factor of o and 150.
50
Suppose 13*f = -131*f + 11232. What is the greatest common divisor of 364 and f?
26
Suppose -152 = -2*n + 4*m, 1184 = n - 3*m + 1110. Let l = 95 - 35. Calculate the greatest common factor of l and n.
20
Suppose 15 = -11*z + 12*z. Let k = -180 + 179. Let d be k + (2 - 0 - -14). What is the highest common divisor of z and d?
15
Suppose 5*z + 10*m - 8*m = 38, 0 = -5*z - 3*m + 42. Let k be z/(-12)*0 - -42. Calculate the highest common factor of 28 and k.
14
Suppose -1283*p = -1286*p + 300. Suppose s - 5*s + 84 = 4*v, v - 17 = -2*s. What is the greatest common divisor of v and p?
25
Let n = -1 + 4. Suppose 4*y - 4*g + 32 = 9*y, -y + g + 10 = 0. Suppose 5*p - 3*b = 24, 2*p - 3*b - 7 - y = 0. Calculate the highest common factor of p and n.
3
Suppose -3*r - 186*b + 12087 = -189*b, -2*b - 4025 = -r. Calculate the highest common factor of r and 74.
37
Let i = -50 - -74. Let y = 1149 + -765. Calculate the greatest common divisor of y and i.
24
Suppose 756 = -13*y + 76*y. Calculate the greatest common factor of 387 and y.
3
Let z be (-110)/(-16)*-2*(-2688)/560. Calculate the highest common factor of z and 1254.
66
Suppose -6 = -73*b + 70*b. Suppose 5*l = -b*w + 522, 105 = -6*l + 7*l + w. What is the highest common divisor of l and 39?
13
Let p be -1 + (35 - (0 - 0)). Suppose -27*b + 28*b = 5*l + 3048, -3*b = -l - 9214. Suppose b = 7*r + 2835. What is the greatest common factor of p and r?
34
Suppose -45*q + 10 = -43*q. Suppose w - q = -0. Let r be 80/w + (-1)/1. What is the greatest comm